 are the prime factors of 58/6 + (-6)/b?
2, 5
Let c(h) be the first derivative of -7*h**2/2 + 3*h + 1. Suppose -9 = 10*z - 7*z. List the prime factors of c(z).
2, 3
Let k(v) = v**3 - 10*v**2 + 13*v + 4. Let i be k(10). Let c = -71 + i. List the prime factors of c.
3, 7
Let p(v) = 8*v**2 + 2*v - 2. Let x be p(-2). Suppose -6*f = -4*f - x. List the prime factors of f.
13
Let k(t) = 4*t + 85. Let d be k(-22). What are the prime factors of ((-1)/2)/(d/414)?
3, 23
Suppose 0 = -4*d + i - 171, 4*i = -i - 5. Let m = 68 + d. What are the prime factors of m?
5
Let u = 76 + -37. Let y(a) = -u*a + 81 - 40 - 43. What are the prime factors of y(-1)?
37
Let m = -39 + 37. Let y = 10 - m. What are the prime factors of y?
2, 3
Suppose -w = w - 2*f - 2, 37 = 2*w + 5*f. List the prime factors of w/(24/(-10))*-24.
2, 3, 5
Suppose 301*b = 300*b + 2262. List the prime factors of b.
2, 3, 13, 29
Let k(a) = 4*a**2 + 3*a + 5. Suppose 6*q - 14 - 22 = 0. What are the prime factors of k(q)?
167
Let n = 9968 + -6937. What are the prime factors of n?
7, 433
Let c(b) be the first derivative of b**2/2 - 5*b - 10. Let u be c(9). Suppose 2*a + u*v - 43 - 9 = 0, 2*a + 2*v - 56 = 0. List the prime factors of a.
2, 3, 5
Suppose 5*t - 59 = 61. Let o(n) = n**2 - 3*n - 2. Let f be o(4). Suppose t = -5*s + 9, -3*j + f*s = -81. What are the prime factors of j?
5
Suppose -41*v + 2544 = -37*v. List the prime factors of v.
2, 3, 53
Let h(l) = -17*l**3 + 11*l - 32. What are the prime factors of h(-5)?
2, 1019
Suppose 6*r + 5 = 7*r. Suppose 17 = q - r*j - 9, 18 = 3*q - 3*j. List the prime factors of 31 + (9/(-3))/q.
2, 7
Suppose 0 = w + 1 - 0, 0 = 2*p - 4*w - 22. What are the prime factors of ((-51)/p)/((-1)/15)?
5, 17
Suppose 3731 = 3*n + y, 8 = 4*y - 0. List the prime factors of n.
11, 113
Suppose b - 5*t = -0*t + 448, b = -t + 478. List the prime factors of b.
11, 43
Suppose 7 = -l + 10. What are the prime factors of l?
3
Suppose -6*f = -7*f - 5*v + 1677, 4*f - 6792 = v. List the prime factors of f.
1697
Let i = -90 - -795. What are the prime factors of i?
3, 5, 47
Let p be 3*(-3)/((-12)/8). Let u = p + -61. Let j = u - -92. List the prime factors of j.
37
Let a(y) = -y**2 - 7*y. Let k be a(-7). Suppose 4*r = w - 13, 2*w + k*w = -r - 1. Suppose 0 = 2*g - w - 7. What are the prime factors of g?
2
List the prime factors of 6/(-2 + (-49)/(-14)) + 2993.
3, 37
Let n(w) = 43*w**3 - 2*w**2 + 2*w - 1. Let r = -101 + 61. Let v be 1/(-2) - 60/r. List the prime factors of n(v).
2, 3, 7
Suppose 352 - 1598 = -7*i. Suppose -3*o + g + i = -74, o - 95 = 4*g. List the prime factors of o.
83
Suppose 6*t - t = 5. List the prime factors of 2/(-6) + t + (-6112)/(-48).
2
Suppose 0 = -u - 2*n + 7, 0 = -2*n - 4 + 2. Suppose -392*c = -385*c - 35. Suppose 3*x + u*p = 4*p + 92, 0 = c*x - 4*p - 215. List the prime factors of x.
3, 13
Let z(n) = 14*n**3 + 3*n**2 - 7*n + 8. Let j be z(2). Let p = 302 - j. What are the prime factors of p?
2, 23
Suppose v + 44 = 2*s, 0 = -s - 0*s - 3*v + 29. Suppose -109 = -4*o + s. List the prime factors of o.
3, 11
Let l(b) = -b**2 - 3*b**2 + 0*b**2 + 3*b**2. Let p(z) = 2*z**2 + 6*z - 1. Let w(r) = l(r) + p(r). What are the prime factors of w(-7)?
2, 3
Suppose -18*g + 353 = -529. Suppose 2*u - 3*r = 155, -357 + g = -4*u + 4*r. List the prime factors of u.
2, 19
Let j(l) = l**3 - 6*l**2 + 7*l + 13. Let i be j(7). List the prime factors of i/((-3)/(-36)*9).
2, 37
Suppose c - 17 = 1. Let z = c - -12. What are the prime factors of z?
2, 3, 5
Let u = 529 + -176. What are the prime factors of u?
353
Let j = 1090 + -838. List the prime factors of j.
2, 3, 7
Let r(g) = -g**3 - 4*g**2 - g - 1. Let u = 2 - 6. Let a be r(u). What are the prime factors of (92/(-12))/((-1)/a)?
23
Suppose p + 2 = 5*h + 1, -2*p - h - 57 = 0. Let n = p + 28. Suppose -148 = -3*w + 4*i, -i = 5*w + n*i - 266. List the prime factors of w.
2, 13
Let h(k) = k - 8. Let m be h(10). Let q(l) = l**3 - 3*l**2 + 2*l + 2. Let d be q(m). Suppose 0*r = d*r - 54. What are the prime factors of r?
3
Let n = 159 - 9. What are the prime factors of n?
2, 3, 5
What are the prime factors of 3710 - (-5 + -43)/8?
2, 929
What are the prime factors of 2738/(-3)*(-165)/110?
37
Suppose 0 = q + 7 - 12. Let o(a) = -a**2 + 5*a + 2. Let i be o(q). What are the prime factors of (1/1)/(i/50)?
5
Suppose -3*v = g - 519, 5*g - 5*v + 9*v - 2540 = 0. List the prime factors of g.
2, 3, 7
Suppose 5*t = -3*g + 20, -2*t = -5*t + 12. Suppose g = j - d + 6*d + 83, d = -1. List the prime factors of 25/2*j/(-65).
3, 5
Let z = -33 - -28. List the prime factors of (z + (4 - 0))*-33.
3, 11
Let w(f) = -878*f + 64. What are the prime factors of w(-2)?
2, 5, 7, 13
List the prime factors of (-7)/(63/(-6462))*2.
2, 359
Suppose -4*d = -5*g + 11239, -4*d + 1949 + 294 = g. What are the prime factors of g?
3, 7, 107
Let b be 0 + 61 - ((3 - 9) + 4). Suppose 2*i + 782 = 4*a, -3*i - 722 - b = -4*a. List the prime factors of a.
2, 97
Suppose -5*o = -o + 168. Let l = 29 - o. List the prime factors of l.
71
Suppose 0 = 5*z + o - 7, 2*o + 1 = -5. Suppose z*y - 61 = 227. What are the prime factors of y?
2, 3
Let d = 18 - 105. What are the prime factors of d*(-16)/6 + -2 + 3?
233
Let y = 24 + -22. Suppose -y*g + 141 - 39 = 0. List the prime factors of g.
3, 17
Let z be -4 - (-19)/(-2)*-6. Suppose 0 = -3*m - 8 + z. What are the prime factors of m?
3, 5
Suppose -1358 - 1570 = -3*w. Suppose 10*g + 26 = w. What are the prime factors of g?
5, 19
Let a(t) = -6 + 10 + 9 + t. Suppose -j - 11 = q, 41*q - 42*q + 37 = -5*j. What are the prime factors of a(j)?
5
Let g = 4 - 1. Suppose g*i - 44 - 118 = 0. Suppose 4*o - m = -2*m + i, -3*o + m + 44 = 0. What are the prime factors of o?
2, 7
Let m(c) = -c**2 - 10*c - 12. Let w be m(-8). Suppose 2*i - 14 = -4*r, 6*r - 2 = w*r. Suppose t - 74 = -i*u, -t = -3*t + 8. What are the prime factors of u?
2, 7
List the prime factors of (-2448)/7*(-10)/(-60)*-28.
2, 3, 17
Let n(i) = -10*i + 2*i + 3*i + 4*i - 5. Let x be n(-8). Let y(u) = 6*u - 5. List the prime factors of y(x).
13
Suppose 7*r + 4 = 9*r. Suppose v - 38 = r*k + k, 3*v + 3*k - 54 = 0. List the prime factors of v.
23
Let o(h) = -3*h + 6. Let n be o(-13). Suppose u - n - 67 = 0. List the prime factors of u.
2, 7
Let w(b) = -2*b**2 + b + 4. Let o be w(3). Let v(m) = -9*m - 24. List the prime factors of v(o).
3, 5
Let f(s) = 20*s**2 - 3*s + 15. Let j(k) = -7*k**2 + k - 5. Let t(v) = -2*v + 5. Let b be t(-6). Let m(p) = b*j(p) + 6*f(p). List the prime factors of m(0).
5
Let d = -60 + 267. Suppose -4*q + 12 = r - 37, -3*r + 3*q = -d. List the prime factors of r.
5, 13
Suppose -11*p = -10 - 12. List the prime factors of (42 - p)*50/20.
2, 5
Let l(b) = b**2 + 9*b + 12. Let r be l(-8). Suppose -5*f = d - 331, 0 = -5*f - r*d + d + 333. List the prime factors of f.
2, 3, 11
Let x(w) be the first derivative of -7*w**2/2 - 18*w + 17. What are the prime factors of x(-4)?
2, 5
Let i(d) = 2*d + 3. Let x be i(-1). Let f be 1*x/(-2)*-6. Suppose -75 + 291 = f*m. What are the prime factors of m?
2, 3
Suppose -2 - 2 = -2*j. Let s = j - 4. List the prime factors of (-41)/(-1) + 2 + s.
41
List the prime factors of 8/16 - 4/((-8)/1425).
23, 31
Suppose -3*r + 4*s = 161, -3*s = -5*r + 13 - 285. Let k be (4/5)/((-22)/r). List the prime factors of 78/12 + (-1)/k.
2, 3
What are the prime factors of 3/(-8) + 773955/520?
2, 3, 31
Let q = 2271 + -375. List the prime factors of q.
2, 3, 79
Suppose -4 = -2*x - 0. Suppose -4*j + x*j + 48 = 0. What are the prime factors of j?
2, 3
Let b(f) = 549*f + 43. What are the prime factors of b(3)?
2, 5, 13
Suppose -5*o = -0*o - d - 10, -3*d - 12 = 3*o. Let q(k) = 107*k**3 + 2*k**2 - 2. List the prime factors of q(o).
107
Let y be (-6815)/(-10) + (-1)/2. Suppose -3*f + 522 = 3*r - 0*f, 4*r - y = -f. List the prime factors of r.
13
Let t be (-3 - 4)/(5/(-10)). Suppose -8*k = -6*k - t. List the prime factors of k.
7
Suppose 0 = 2*m - 253 + 57. List the prime factors of m.
2, 7
Let f be (-20)/6*12/(-5). Suppose -6*n + f*n - 16 = 0. Let u = n + -2. List the prime factors of u.
2, 3
Let t(n) = -3*n + 6. Let z(l) = 7*l - 13. Let a(q) = -5*t(q) - 2*z(q). Let h be a(12). Let i = 25 - h. What are the prime factors of i?
17
Suppose 27*o = 16*o + 9383. List the prime factors of o.
853
Suppose i - 